{"id":50660,"date":"2026-04-15T02:09:00","date_gmt":"2026-04-15T00:09:00","guid":{"rendered":"https:\/\/groupe-atlantico.com\/?vehica_car=seat-ibiza-05-2021-ibiza-1-0-ecotsi-115-ch-s-s-dsg7"},"modified":"2026-04-15T02:09:00","modified_gmt":"2026-04-15T00:09:00","slug":"seat-ibiza-05-2021-ibiza-1-0-ecotsi-115-ch-s-s-dsg7","status":"publish","type":"vehica_car","link":"https:\/\/groupe-atlantico.com\/?vehica_car=seat-ibiza-05-2021-ibiza-1-0-ecotsi-115-ch-s-s-dsg7","title":{"rendered":"SEAT IBIZA (05\/2021) \u2014 Ibiza 1.0 EcoTSI 115 ch S\/S DSG7"},"content":{"rendered":"<p>&#8211; Pack FR Black Edition &#8211; Jupes et becquet noirs brillants  &#8211; Jantes alliage 18&Prime; Black Performance  &#8211; Spoiler noir brillant<br \/>\n&#8211; Pack FR Light &#8211; Connectivity box avec chargeur \u00e0 induction  &#8211; Keyless acc\u00e8s et d\u00e9marrage sans cl\u00e9  &#8211; Vitres teint\u00e9es<br \/>\n&#8211; Pack Drive Assist Sentinel Side Assist ( surveillance d&rsquo;angles morts), Exit Assist ( Assistant de sortie de stationnement AR)<br \/>\n&#8211; Toit ouvrant<br \/>\n&#8211; NOIR MINUIT<br \/>\n&#8211; Roue de secours compacte 18&Prime;<br \/>\n&#8211; Entourages d&rsquo;a\u00e9rateurs latraux r\u00e9tro-\u00e9clair\u00e9s en Rouge Laser<br \/>\n&#8211; Aide au d\u00e9marrage en c\u00f4te (Hill Hold Control)<br \/>\n&#8211; Eclairage d&rsquo;ambiance int\u00e9rieur LED param\u00e9trable (rouge ou blanc)<br \/>\n&#8211; Eclairage de plaque d&rsquo;immatriculation \u00e0 LED<br \/>\n&#8211; Jantes alliage 17&Prime; FR DYNAMIC<br \/>\n&#8211; Lane Assist &#8211; aide au maintien dans la voie<br \/>\n&#8211; Pack Design FR avec inserts Gris Cosmique<br \/>\n&#8211; Pack Rangement &#8211; Accoudoir central  &#8211; Crochets d&rsquo;arrimage dans le coffre  &#8211; Double plancher de coffre<br \/>\n&#8211; Pack Spring Feux et essuie-glaces automatiques, Climatisation automatique Climatronic, R\u00e9troviseur int\u00e9rieur jour\/nuit automatique, R\u00e9troviseurs ext\u00e9rieurs chauffants rabattables \u00e9lectriquement, Vitres \u00e9lectriques AR<br \/>\n&#8211; Pack Vision Plus cam\u00e9ra de recul avec aide au stationnement AV et AR<br \/>\n&#8211; Projecteurs Full LED et signature lumineuse LED AV\/AR<br \/>\n&#8211; Volant sport multifonctions \u00e0 m\u00e9plat en cuir Nappa perfor\u00e9 avec surpiq\u00fbres rouges et logo FR<br \/>\n&#8211; 2 Fixations ISOFIX + Top tether int\u00e9gr\u00e9es aux si\u00e8ges AR<br \/>\n&#8211; 2 lampes de lecture AV<br \/>\n&#8211; 3 appuie-t\u00eates AR<br \/>\n&#8211; 4 vitres \u00e9lectriques \u00e0 impulsion<br \/>\n&#8211; Airbags frontaux, lat\u00e9raux et rideaux  (passager d\u00e9connectable)<br \/>\n&#8211; Alerte de non-bouclage des ceintures AV\/AR<br \/>\n&#8211; Anti-blocage des roues (ABS) et contr\u00f4le de stabilit\u00e9 \u00e9lectronique (ESC)<br \/>\n&#8211; Anti-patinage \u00e9lectronique (ASR)<br \/>\n&#8211; Antid\u00e9marrage \u00e9lectronique<br \/>\n&#8211; Appel d&rsquo;urgence eCall<br \/>\n&#8211; Banquette AR fractionnable<br \/>\n&#8211; Bo\u00eete de vitesses \u00e0 automate sequentiel DSG \u00e0 7 rapports<br \/>\n&#8211; Calandre sp\u00e9cifique Noir Piano avec contour chrom\u00e9<br \/>\n&#8211; Capteur de luminosit\u00e9<br \/>\n&#8211; Ceintures de s\u00e9curit\u00e9 \u00e0 3 points<br \/>\n&#8211; Ciel de pavillon Noir<br \/>\n&#8211; Connectivit\u00e9 2x USB-C et Bluetooth<br \/>\n&#8211; Contre-portes AV en finition textile<br \/>\n&#8211; Coques de r\u00e9troviseurs Noir Piano<br \/>\n&#8211; Couvre-coffre rabattable<br \/>\n&#8211; Digital Cockpit 8&Prime;<br \/>\n&#8211; Direction assist\u00e9e<br \/>\n&#8211; D\u00e9tection de fatigue et somnolence<br \/>\n&#8211; D\u00e9tection de sous-gonflage des pneumatiques<br \/>\n&#8211; Eclairage d&rsquo;accompagnement<br \/>\n&#8211; Entourages d&rsquo;a\u00e9rateurs centraux et lat\u00e9raux gris satin\u00e9s avec inserts Rouge Laser<br \/>\n&#8211; Filtre \u00e0 particules essence<br \/>\n&#8211; Front Assist avec d\u00e9tection des pi\u00e9tons et des cyclistes<br \/>\n&#8211; Full Link sans fil (MirrorLink + Android Auto + Apple CarPlay)<br \/>\n&#8211; Garantie 2 ans, kilom\u00e9trage illimit\u00e9<br \/>\n&#8211; Garnitures d&rsquo;a\u00e9rateurs rouges<br \/>\n&#8211; Kit anti-crevaison<br \/>\n&#8211; Limiteur de vitesse<br \/>\n&#8211; Logos \u00ab\u00a0SEAT\u00a0\u00bb satin\u00e9s AV\/AR et sur le volant<br \/>\n&#8211; Ordinateur de bord<br \/>\n&#8211; Palettes de changement de rapport au volant<br \/>\n&#8211; Pare-chocs couleur carrosserie<br \/>\n&#8211; Pare-soleil avec miroir de courtoisie, avec porte carte c\u00f4t\u00e9 conducteur<br \/>\n&#8211; Poign\u00e9es de portes couleur carrosserie<br \/>\n&#8211; Projecteurs antibrouillard AV<br \/>\n&#8211; Radio Num\u00e9rique DAB<br \/>\n&#8211; R\u00e9gulateur de vitesse<br \/>\n&#8211; R\u00e9troviseurs ext\u00e9rieurs r\u00e9glables \u00e9lectriquement int\u00e9grant les r\u00e9p\u00e9titeurs de clignotants lat\u00e9raux<br \/>\n&#8211; SEAT Connect<br \/>\n&#8211; SEAT Drive Profile-s\u00e9lection du mode de conduite<br \/>\n&#8211; Sign Assist (Reconnaissance des panneaux de signalisation)<br \/>\n&#8211; Signature \u00ab\u00a0Ibiza\u00a0\u00bb manuscrite sur le hayon<br \/>\n&#8211; Si\u00e8ges AV ergonomiques<br \/>\n&#8211; Si\u00e8ges conducteur et passager r\u00e9glables en hauteur<br \/>\n&#8211; Start &#038; Stop<br \/>\n&#8211; Syst\u00e8me d&rsquo;info-divertissement MediaSystem+ avec \u00e9cran tactile HD 8,25\u00a0\u00bb<br \/>\n&#8211; Tapis de sol textile AV\/AR<br \/>\n&#8211; TCS (contr\u00f4le de la traction)<br \/>\n&#8211; Verrouillage centralis\u00e9 avec t\u00e9lecommande<br \/>\n&#8211; Extension de garantie 3 ans ou 100000 km<\/p>\n","protected":false},"author":1,"featured_media":50661,"template":"","vehica_6654":[2073],"vehica_6659":[2515],"vehica_6660":[2804],"vehica_6662":[2498],"vehica_6663":[2511],"vehica_12974":[2524],"vehica_6666":[2513],"vehica_12770":[2514],"vehica_21826":[2543],"vehica_25643":[2606],"vehica_25645":[2705],"class_list":["post-50660","vehica_car","type-vehica_car","status-publish","has-post-thumbnail","hentry","vehica_6654-used","vehica_6659-seat","vehica_6660-ibiza-05-2021","vehica_6662-traction-avant","vehica_6663-essence-sans-plomb","vehica_12974-2524","vehica_6666-noir-minuit","vehica_12770-2514","vehica_21826-seat-adc-lacroix-automobiles","vehica_25643-5-6-l-100km","vehica_25645-355l"],"vehica_6656":{"vehica_currency_6656_2316":31570},"vehica_14696":"","vehica_6664":"","vehica_6673":["https:\/\/media.eurotaxglass.com\/p\/p0545489.jpg","https:\/\/media.eurotaxglass.com\/p\/p0545491.jpg","https:\/\/media.eurotaxglass.com\/p\/p0545492.jpg","https:\/\/media.eurotaxglass.com\/p\/p0545493.jpg","https:\/\/media.eurotaxglass.com\/p\/p0545490.jpg","https:\/\/media.eurotaxglass.com\/p\/p0545494.jpg","https:\/\/media.eurotaxglass.com\/p\/p0545496.jpg","https:\/\/media.eurotaxglass.com\/p\/p0545495.jpg","https:\/\/media.eurotaxglass.com\/p\/p0545498.jpg","https:\/\/media.eurotaxglass.com\/p\/p0545497.jpg"],"vehica_16721":"","vehica_18820":[],"vehica_21767":"115","vehica_21768":"","vehica_26231":"","_links":{"self":[{"href":"https:\/\/groupe-atlantico.com\/index.php?rest_route=\/wp\/v2\/cars\/50660","targetHints":{"allow":["GET"]}}],"collection":[{"href":"https:\/\/groupe-atlantico.com\/index.php?rest_route=\/wp\/v2\/cars"}],"about":[{"href":"https:\/\/groupe-atlantico.com\/index.php?rest_route=\/wp\/v2\/types\/vehica_car"}],"author":[{"embeddable":true,"href":"https:\/\/groupe-atlantico.com\/index.php?rest_route=\/wp\/v2\/users\/1"}],"wp:featuredmedia":[{"embeddable":true,"href":"https:\/\/groupe-atlantico.com\/index.php?rest_route=\/wp\/v2\/media\/50661"}],"wp:attachment":[{"href":"https:\/\/groupe-atlantico.com\/index.php?rest_route=%2Fwp%2Fv2%2Fmedia&parent=50660"}],"wp:term":[{"taxonomy":"vehica_6654","embeddable":true,"href":"https:\/\/groupe-atlantico.com\/index.php?rest_route=%2Fwp%2Fv2%2Fvehica_6654&post=50660"},{"taxonomy":"vehica_6659","embeddable":true,"href":"https:\/\/groupe-atlantico.com\/index.php?rest_route=%2Fwp%2Fv2%2Fvehica_6659&post=50660"},{"taxonomy":"vehica_6660","embeddable":true,"href":"https:\/\/groupe-atlantico.com\/index.php?rest_route=%2Fwp%2Fv2%2Fvehica_6660&post=50660"},{"taxonomy":"vehica_6662","embeddable":true,"href":"https:\/\/groupe-atlantico.com\/index.php?rest_route=%2Fwp%2Fv2%2Fvehica_6662&post=50660"},{"taxonomy":"vehica_6663","embeddable":true,"href":"https:\/\/groupe-atlantico.com\/index.php?rest_route=%2Fwp%2Fv2%2Fvehica_6663&post=50660"},{"taxonomy":"vehica_12974","embeddable":true,"href":"https:\/\/groupe-atlantico.com\/index.php?rest_route=%2Fwp%2Fv2%2Fvehica_12974&post=50660"},{"taxonomy":"vehica_6666","embeddable":true,"href":"https:\/\/groupe-atlantico.com\/index.php?rest_route=%2Fwp%2Fv2%2Fvehica_6666&post=50660"},{"taxonomy":"vehica_12770","embeddable":true,"href":"https:\/\/groupe-atlantico.com\/index.php?rest_route=%2Fwp%2Fv2%2Fvehica_12770&post=50660"},{"taxonomy":"vehica_21826","embeddable":true,"href":"https:\/\/groupe-atlantico.com\/index.php?rest_route=%2Fwp%2Fv2%2Fvehica_21826&post=50660"},{"taxonomy":"vehica_25643","embeddable":true,"href":"https:\/\/groupe-atlantico.com\/index.php?rest_route=%2Fwp%2Fv2%2Fvehica_25643&post=50660"},{"taxonomy":"vehica_25645","embeddable":true,"href":"https:\/\/groupe-atlantico.com\/index.php?rest_route=%2Fwp%2Fv2%2Fvehica_25645&post=50660"}],"curies":[{"name":"wp","href":"https:\/\/api.w.org\/{rel}","templated":true}]}}

<p>&#8211; Pack FR Black Edition &#8211; Jupes et becquet noirs brillants  &#8211; Jantes alliage 18&Prime; Black Performance  &#8211; Spoiler noir brillant<br />
&#8211; Pack FR Light &#8211; Connectivity box avec chargeur à induction  &#8211; Keyless accès et démarrage sans clé  &#8211; Vitres teintées<br />
&#8211; Pack Drive Assist Sentinel Side Assist ( surveillance d&rsquo;angles morts), Exit Assist ( Assistant de sortie de stationnement AR)<br />
&#8211; Toit ouvrant<br />
&#8211; NOIR MINUIT<br />
&#8211; Roue de secours compacte 18&Prime;<br />
&#8211; Entourages d&rsquo;aérateurs latraux rétro-éclairés en Rouge Laser<br />
&#8211; Aide au démarrage en côte (Hill Hold Control)<br />
&#8211; Eclairage d&rsquo;ambiance intérieur LED paramétrable (rouge ou blanc)<br />
&#8211; Eclairage de plaque d&rsquo;immatriculation à LED<br />
&#8211; Jantes alliage 17&Prime; FR DYNAMIC<br />
&#8211; Lane Assist &#8211; aide au maintien dans la voie<br />
&#8211; Pack Design FR avec inserts Gris Cosmique<br />
&#8211; Pack Rangement &#8211; Accoudoir central  &#8211; Crochets d&rsquo;arrimage dans le coffre  &#8211; Double plancher de coffre<br />
&#8211; Pack Spring Feux et essuie-glaces automatiques, Climatisation automatique Climatronic, Rétroviseur intérieur jour/nuit automatique, Rétroviseurs extérieurs chauffants rabattables électriquement, Vitres électriques AR<br />
&#8211; Pack Vision Plus caméra de recul avec aide au stationnement AV et AR<br />
&#8211; Projecteurs Full LED et signature lumineuse LED AV/AR<br />
&#8211; Volant sport multifonctions à méplat en cuir Nappa perforé avec surpiqûres rouges et logo FR<br />
&#8211; 2 Fixations ISOFIX + Top tether intégrées aux sièges AR<br />
&#8211; 2 lampes de lecture AV<br />
&#8211; 3 appuie-têtes AR<br />
&#8211; 4 vitres électriques à impulsion<br />
&#8211; Airbags frontaux, latéraux et rideaux  (passager déconnectable)<br />
&#8211; Alerte de non-bouclage des ceintures AV/AR<br />
&#8211; Anti-blocage des roues (ABS) et contrôle de stabilité électronique (ESC)<br />
&#8211; Anti-patinage électronique (ASR)<br />
&#8211; Antidémarrage électronique<br />
&#8211; Appel d&rsquo;urgence eCall<br />
&#8211; Banquette AR fractionnable<br />
&#8211; Boîte de vitesses à automate sequentiel DSG à 7 rapports<br />
&#8211; Calandre spécifique Noir Piano avec contour chromé<br />
&#8211; Capteur de luminosité<br />
&#8211; Ceintures de sécurité à 3 points<br />
&#8211; Ciel de pavillon Noir<br />
&#8211; Connectivité 2x USB-C et Bluetooth<br />
&#8211; Contre-portes AV en finition textile<br />
&#8211; Coques de rétroviseurs Noir Piano<br />
&#8211; Couvre-coffre rabattable<br />
&#8211; Digital Cockpit 8&Prime;<br />
&#8211; Direction assistée<br />
&#8211; Détection de fatigue et somnolence<br />
&#8211; Détection de sous-gonflage des pneumatiques<br />
&#8211; Eclairage d&rsquo;accompagnement<br />
&#8211; Entourages d&rsquo;aérateurs centraux et latéraux gris satinés avec inserts Rouge Laser<br />
&#8211; Filtre à particules essence<br />
&#8211; Front Assist avec détection des piétons et des cyclistes<br />
&#8211; Full Link sans fil (MirrorLink + Android Auto + Apple CarPlay)<br />
&#8211; Garantie 2 ans, kilométrage illimité<br />
&#8211; Garnitures d&rsquo;aérateurs rouges<br />
&#8211; Kit anti-crevaison<br />
&#8211; Limiteur de vitesse<br />
&#8211; Logos « SEAT » satinés AV/AR et sur le volant<br />
&#8211; Ordinateur de bord<br />
&#8211; Palettes de changement de rapport au volant<br />
&#8211; Pare-chocs couleur carrosserie<br />
&#8211; Pare-soleil avec miroir de courtoisie, avec porte carte côté conducteur<br />
&#8211; Poignées de portes couleur carrosserie<br />
&#8211; Projecteurs antibrouillard AV<br />
&#8211; Radio Numérique DAB<br />
&#8211; Régulateur de vitesse<br />
&#8211; Rétroviseurs extérieurs réglables électriquement intégrant les répétiteurs de clignotants latéraux<br />
&#8211; SEAT Connect<br />
&#8211; SEAT Drive Profile-sélection du mode de conduite<br />
&#8211; Sign Assist (Reconnaissance des panneaux de signalisation)<br />
&#8211; Signature « Ibiza » manuscrite sur le hayon<br />
&#8211; Sièges AV ergonomiques<br />
&#8211; Sièges conducteur et passager réglables en hauteur<br />
&#8211; Start &#038; Stop<br />
&#8211; Système d&rsquo;info-divertissement MediaSystem+ avec écran tactile HD 8,25 »<br />
&#8211; Tapis de sol textile AV/AR<br />
&#8211; TCS (contrôle de la traction)<br />
&#8211; Verrouillage centralisé avec télecommande<br />
&#8211; Extension de garantie 3 ans ou 100000 km</p>
