{"id":50825,"date":"2026-04-15T02:09:02","date_gmt":"2026-04-15T00:09:02","guid":{"rendered":"https:\/\/groupe-atlantico.com\/?vehica_car=volkswagen-utilitaires-transporter-fourgon-05-2015-transporter-fgn-tole-l1h1-2-0-tdi-150"},"modified":"2026-04-15T02:09:02","modified_gmt":"2026-04-15T00:09:02","slug":"volkswagen-utilitaires-transporter-fourgon-05-2015-transporter-fgn-tole-l1h1-2-0-tdi-150","status":"publish","type":"vehica_car","link":"https:\/\/groupe-atlantico.com\/?vehica_car=volkswagen-utilitaires-transporter-fourgon-05-2015-transporter-fgn-tole-l1h1-2-0-tdi-150","title":{"rendered":"VOLKSWAGEN UTILITAIRES TRANSPORTER FOURGON (05\/2015) \u2014 TRANSPORTER FGN TOLE L1H1 2.0 TDI 150"},"content":{"rendered":"<p>&#8211; Volant cuir multifonctions (commande pour radio et t\u00e9l\u00e9phone portable) en combinaison avec le syst\u00e8me de navigation\u00a0\u00bbDiscover Media\u00a0\u00bb<br \/>\n&#8211; Pr\u00e9paration pour dispositif d&rsquo;attelage (y compris stabilisation d&rsquo;attelage)<br \/>\n&#8211; Affichage multifonctions Plus avec d\u00e9tection de fatigue (en combinaison avec Volant cuir multifonctions avec le syst\u00e8me de navigation \u00ab\u00a0Discover Media\u00a0\u00bb)<br \/>\n&#8211; CODE USINE<br \/>\n&#8211; NOIR TITANE\/NOIR TITANE ANTHRACITE\/ NOIR<br \/>\n&#8211; REFRIGERANT R134A<br \/>\n&#8211; Appuie-t\u00eate avec garniture en similicuir<br \/>\n&#8211; Ceintures de s\u00e9curit\u00e9 3 points automatiques<br \/>\n&#8211; Climatisation \u00ab\u00a0Climatic\u00a0\u00bb (semi-automatique) uniquement dans la cabine<br \/>\n&#8211; Climatisation \u00ab\u00a0Climatic\u00a0\u00bb (semi-automatique) uniquement dans la cabine<br \/>\n&#8211; Correcteur \u00e9lectronique de trajectoire ESP avec aide au freinage d&rsquo;urgence AFU, syst\u00e8me antiblocage de freins ABS, syst\u00e8me de stabilisation de la remorque, syst\u00e8me anti-patinage ASR, r\u00e9gulateur de couple d&rsquo;inertie moteur MSR et anti-d\u00e9marrage \u00e9lectronique<br \/>\n&#8211; Jantes en acier 6,5 J x 16&Prime;<br \/>\n&#8211; Pack \u00ab\u00a0Light &#038; Vision\u00a0\u00bb<br \/>\n&#8211; Pack \u00ab\u00a0Light &#038; Vision\u00a0\u00bb<br \/>\n&#8211; Syst\u00e8me de freinage automatique post-collision<br \/>\n&#8211; 2 cl\u00e9s pliantes radiocommand\u00e9es pour le syst\u00e8me de verrouillage centralis\u00e9<br \/>\n&#8211; 3\u00e8me feu stop<br \/>\n&#8211; Airbag frontal pour conducteur et passager, r\u00e9tracteurs \u00e0 gauche et \u00e0 droite et d\u00e9sactivation c\u00f4t\u00e9 de l&rsquo;airbag du passager<br \/>\n&#8211; Anti-d\u00e9marrage \u00e9lectronique<br \/>\n&#8211; Avertisseur sonore 2 tons<br \/>\n&#8211; Banquette passagers 2 places avec rangement sous l&rsquo;assise<br \/>\n&#8211; Boitiers de r\u00e9troviseur ext\u00e9rieur et poign\u00e9es de porte noir<br \/>\n&#8211; Bo\u00eete \u00e0 gants verrouillable avec couvercle<br \/>\n&#8211; Chauffage \u00e0 r\u00e9gulation m\u00e9canique dans la cabine<br \/>\n&#8211; Ch\u00e2ssis 16&Prime; avec syst\u00e8me de freinage 16&Prime;<br \/>\n&#8211; Cloison de s\u00e9paration compl\u00e8te t\u00f4l\u00e9e sans fen\u00eatre<br \/>\n&#8211; Combin\u00e9 d&rsquo;instruments (km\/h), affichages de la vitesse, compteur totalisateur et journalier, r\u00e9gime, niveau de carburant et heure<br \/>\n&#8211; Commande int\u00e9rieure de porte AR ou hayon<br \/>\n&#8211; Contr\u00f4le de la pression des pneus<br \/>\n&#8211; Direction assist\u00e9e avec colonne de direction de s\u00e9curit\u00e9, r\u00e9glable en hauteur et en longueur<br \/>\n&#8211; D\u00e9tecteur de fatigue<br \/>\n&#8211; D\u00e9verrouillage hayon\/capot AR de l&rsquo;ext\u00e9rieur<br \/>\n&#8211; Eclairage des instruments, avec gradateur<br \/>\n&#8211; Eclairage jour (allum\u00e9 en permanence pendant la marche)<br \/>\n&#8211; Feu AR de brouillard<br \/>\n&#8211; Filtre \u00e0 poussi\u00e8re et pollen<br \/>\n&#8211; Fonctionnement intermittent des essuie-glaces<br \/>\n&#8211; Interface pour t\u00e9l\u00e9phone portable<br \/>\n&#8211; L\u00e8ve-glaces \u00e9lectriques<br \/>\n&#8211; Oeillets d&rsquo;arrimage pour fixation de la charge (uniquement en combinaison avec une cloison de s\u00e9paration)<br \/>\n&#8211; Ordinateur multifonction<br \/>\n&#8211; Outillage de bord avec cric<br \/>\n&#8211; Pare-brise en verre feuillet\u00e9 en verre athermique<br \/>\n&#8211; Pare-chocs (plastique), de couleur noire<br \/>\n&#8211; Pare-soleil sans miroir de courtoisie, dans la cabine, \u00e0 droite et \u00e0 gauche<br \/>\n&#8211; ParkPilot: Signaux d&rsquo;avertissement acoustiques \u00e0 l&rsquo;AR<br \/>\n&#8211; ParkPilot: Signaux d&rsquo;avertissement acoustiques \u00e0 l&rsquo;AR<br \/>\n&#8211; Phares principaux halog\u00e8ne (H4)<br \/>\n&#8211; Pneus 205\/65 R16 C107\/105T \u00e0 faible r\u00e9sistance au roulement optimis\u00e9e<br \/>\n&#8211; Poids Total Admissible 2800 kg<br \/>\n&#8211; Poign\u00e9es (rabattables) sur le cadre de toit<br \/>\n&#8211; Porte coulissante \u00e0 droite dans le compartiment de charge\/ passagers<br \/>\n&#8211; Portes AR battantes t\u00f4l\u00e9es<br \/>\n&#8211; Prise 12V<br \/>\n&#8211; Protection centrale de roue<br \/>\n&#8211; Protections lat\u00e9rales \u00e0 mi-hauteur dans l&rsquo;espace de chargement<br \/>\n&#8211; Radio \u00ab\u00a0Composition Colour\u00a0\u00bb avec Bluetooth int\u00e9gr\u00e9 et \u00e9cran tactile 5\u00a0\u00bb<br \/>\n&#8211; Radio \u00ab\u00a0Composition Colour\u00a0\u00bb avec Bluetooth int\u00e9gr\u00e9 et \u00e9cran tactile 5\u00a0\u00bb<br \/>\n&#8211; Roue de secours (jante en acier) avec pneu normal<br \/>\n&#8211; R\u00e9glage du site des phares<br \/>\n&#8211; R\u00e9gulateur de vitesse<br \/>\n&#8211; R\u00e9servoir en plastique (contenance : 70 L)<br \/>\n&#8211; R\u00e9troviseur ext\u00e9rieur droit convexe, gauche asph\u00e9rique<br \/>\n&#8211; R\u00e9troviseur ext\u00e9rieur, r\u00e9glable et d\u00e9givrant \u00e9lectriquement<br \/>\n&#8211; R\u00e9troviseur int\u00e9rieur de s\u00e9curit\u00e9 \u00e0 r\u00e9glage jour\/nuit<br \/>\n&#8211; R\u00e9troviseurs \u00e9lectriques et d\u00e9givrants<br \/>\n&#8211; Signal sonore et lumineux pour ceinture du conducteur non attach\u00e9e<br \/>\n&#8211; Si\u00e8ge conducteur Confort (accoudoirs, soutiens lombaires et r\u00e9glage en hauteur)<br \/>\n&#8211; Suspension AV \/ AR ind\u00e9pendante avec amortisseur t\u00e9lescopique de type McPherson<br \/>\n&#8211; Syst\u00e8me de freinage hydraulique avec freins \u00e0 disques ventil\u00e9s<br \/>\n&#8211; Syst\u00e8me de red\u00e9marrage Start\/Stop avec r\u00e9cup\u00e9ration de l&rsquo;\u00e9nergie de freinage<br \/>\n&#8211; Tableau de bord avec concept de rangement intelligent (16 compartiments dont double rangements de portes pouvant accueillir 1 bouteille et triple boite \u00e0 gants)<br \/>\n&#8211; Technologie BlueMotion avec Start\/Stop, r\u00e9cup\u00e9ration d&rsquo;\u00e9nergie au freinage et pneus \u00e0 faible r\u00e9sistance au roulement<br \/>\n&#8211; Toit normal avec fixations pour galeries porte-bagages (8 pour empattement court, 10 pour empattement long)<br \/>\n&#8211; Trappe \u00e0 carburant verrouill\u00e9e par fermeture porte conducteur<br \/>\n&#8211; Verre athermique (vert) dans la cabine<br \/>\n&#8211; Verrouillage central avec radiocommande et commande int\u00e9rieure de d\u00e9verrouillage dans la porte conducteur<br \/>\n&#8211; Version non fumeur avec prise 12V et porte-gobelets<br \/>\n&#8211; Vitres AV \u00e9lectriques<\/p>\n","protected":false},"author":1,"featured_media":50826,"template":"","vehica_6654":[2073],"vehica_6659":[2537],"vehica_6660":[2811],"vehica_6662":[2498],"vehica_6663":[2533],"vehica_12974":[2512],"vehica_6666":[2551],"vehica_12770":[2552],"vehica_21826":[2543],"vehica_25643":[2846],"vehica_25645":[],"class_list":["post-50825","vehica_car","type-vehica_car","status-publish","has-post-thumbnail","hentry","vehica_6654-used","vehica_6659-volkswagen-utilitaires","vehica_6660-transporter-fourgon-05-2015","vehica_6662-traction-avant","vehica_6663-diesel","vehica_12974-2512","vehica_6666-blanc-candy","vehica_12770-2552","vehica_21826-seat-adc-lacroix-automobiles","vehica_25643-6-1-l-100km"],"vehica_6656":{"vehica_currency_6656_2316":36620},"vehica_14696":"","vehica_6664":"","vehica_6673":["https:\/\/media.eurotaxglass.com\/p\/p0552617.jpg","https:\/\/media.eurotaxglass.com\/p\/p0552619.jpg","https:\/\/media.eurotaxglass.com\/p\/p0552620.jpg","https:\/\/media.eurotaxglass.com\/p\/p0552621.jpg","https:\/\/media.eurotaxglass.com\/p\/p0552618.jpg","https:\/\/media.eurotaxglass.com\/p\/p0552622.jpg","https:\/\/media.eurotaxglass.com\/p\/p0552623.jpg","https:\/\/media.eurotaxglass.com\/p\/p0552625.jpg","https:\/\/media.eurotaxglass.com\/p\/p0552624.jpg"],"vehica_16721":"","vehica_18820":[],"vehica_21767":"150","vehica_21768":"","vehica_26231":"","_links":{"self":[{"href":"https:\/\/groupe-atlantico.com\/index.php?rest_route=\/wp\/v2\/cars\/50825","targetHints":{"allow":["GET"]}}],"collection":[{"href":"https:\/\/groupe-atlantico.com\/index.php?rest_route=\/wp\/v2\/cars"}],"about":[{"href":"https:\/\/groupe-atlantico.com\/index.php?rest_route=\/wp\/v2\/types\/vehica_car"}],"author":[{"embeddable":true,"href":"https:\/\/groupe-atlantico.com\/index.php?rest_route=\/wp\/v2\/users\/1"}],"wp:featuredmedia":[{"embeddable":true,"href":"https:\/\/groupe-atlantico.com\/index.php?rest_route=\/wp\/v2\/media\/50826"}],"wp:attachment":[{"href":"https:\/\/groupe-atlantico.com\/index.php?rest_route=%2Fwp%2Fv2%2Fmedia&parent=50825"}],"wp:term":[{"taxonomy":"vehica_6654","embeddable":true,"href":"https:\/\/groupe-atlantico.com\/index.php?rest_route=%2Fwp%2Fv2%2Fvehica_6654&post=50825"},{"taxonomy":"vehica_6659","embeddable":true,"href":"https:\/\/groupe-atlantico.com\/index.php?rest_route=%2Fwp%2Fv2%2Fvehica_6659&post=50825"},{"taxonomy":"vehica_6660","embeddable":true,"href":"https:\/\/groupe-atlantico.com\/index.php?rest_route=%2Fwp%2Fv2%2Fvehica_6660&post=50825"},{"taxonomy":"vehica_6662","embeddable":true,"href":"https:\/\/groupe-atlantico.com\/index.php?rest_route=%2Fwp%2Fv2%2Fvehica_6662&post=50825"},{"taxonomy":"vehica_6663","embeddable":true,"href":"https:\/\/groupe-atlantico.com\/index.php?rest_route=%2Fwp%2Fv2%2Fvehica_6663&post=50825"},{"taxonomy":"vehica_12974","embeddable":true,"href":"https:\/\/groupe-atlantico.com\/index.php?rest_route=%2Fwp%2Fv2%2Fvehica_12974&post=50825"},{"taxonomy":"vehica_6666","embeddable":true,"href":"https:\/\/groupe-atlantico.com\/index.php?rest_route=%2Fwp%2Fv2%2Fvehica_6666&post=50825"},{"taxonomy":"vehica_12770","embeddable":true,"href":"https:\/\/groupe-atlantico.com\/index.php?rest_route=%2Fwp%2Fv2%2Fvehica_12770&post=50825"},{"taxonomy":"vehica_21826","embeddable":true,"href":"https:\/\/groupe-atlantico.com\/index.php?rest_route=%2Fwp%2Fv2%2Fvehica_21826&post=50825"},{"taxonomy":"vehica_25643","embeddable":true,"href":"https:\/\/groupe-atlantico.com\/index.php?rest_route=%2Fwp%2Fv2%2Fvehica_25643&post=50825"},{"taxonomy":"vehica_25645","embeddable":true,"href":"https:\/\/groupe-atlantico.com\/index.php?rest_route=%2Fwp%2Fv2%2Fvehica_25645&post=50825"}],"curies":[{"name":"wp","href":"https:\/\/api.w.org\/{rel}","templated":true}]}}

<p>&#8211; Volant cuir multifonctions (commande pour radio et téléphone portable) en combinaison avec le système de navigation »Discover Media »<br />
&#8211; Préparation pour dispositif d&rsquo;attelage (y compris stabilisation d&rsquo;attelage)<br />
&#8211; Affichage multifonctions Plus avec détection de fatigue (en combinaison avec Volant cuir multifonctions avec le système de navigation « Discover Media »)<br />
&#8211; CODE USINE<br />
&#8211; NOIR TITANE/NOIR TITANE ANTHRACITE/ NOIR<br />
&#8211; REFRIGERANT R134A<br />
&#8211; Appuie-tête avec garniture en similicuir<br />
&#8211; Ceintures de sécurité 3 points automatiques<br />
&#8211; Climatisation « Climatic » (semi-automatique) uniquement dans la cabine<br />
&#8211; Climatisation « Climatic » (semi-automatique) uniquement dans la cabine<br />
&#8211; Correcteur électronique de trajectoire ESP avec aide au freinage d&rsquo;urgence AFU, système antiblocage de freins ABS, système de stabilisation de la remorque, système anti-patinage ASR, régulateur de couple d&rsquo;inertie moteur MSR et anti-démarrage électronique<br />
&#8211; Jantes en acier 6,5 J x 16&Prime;<br />
&#8211; Pack « Light &#038; Vision »<br />
&#8211; Pack « Light &#038; Vision »<br />
&#8211; Système de freinage automatique post-collision<br />
&#8211; 2 clés pliantes radiocommandées pour le système de verrouillage centralisé<br />
&#8211; 3ème feu stop<br />
&#8211; Airbag frontal pour conducteur et passager, rétracteurs à gauche et à droite et désactivation côté de l&rsquo;airbag du passager<br />
&#8211; Anti-démarrage électronique<br />
&#8211; Avertisseur sonore 2 tons<br />
&#8211; Banquette passagers 2 places avec rangement sous l&rsquo;assise<br />
&#8211; Boitiers de rétroviseur extérieur et poignées de porte noir<br />
&#8211; Boîte à gants verrouillable avec couvercle<br />
&#8211; Chauffage à régulation mécanique dans la cabine<br />
&#8211; Châssis 16&Prime; avec système de freinage 16&Prime;<br />
&#8211; Cloison de séparation complète tôlée sans fenêtre<br />
&#8211; Combiné d&rsquo;instruments (km/h), affichages de la vitesse, compteur totalisateur et journalier, régime, niveau de carburant et heure<br />
&#8211; Commande intérieure de porte AR ou hayon<br />
&#8211; Contrôle de la pression des pneus<br />
&#8211; Direction assistée avec colonne de direction de sécurité, réglable en hauteur et en longueur<br />
&#8211; Détecteur de fatigue<br />
&#8211; Déverrouillage hayon/capot AR de l&rsquo;extérieur<br />
&#8211; Eclairage des instruments, avec gradateur<br />
&#8211; Eclairage jour (allumé en permanence pendant la marche)<br />
&#8211; Feu AR de brouillard<br />
&#8211; Filtre à poussière et pollen<br />
&#8211; Fonctionnement intermittent des essuie-glaces<br />
&#8211; Interface pour téléphone portable<br />
&#8211; Lève-glaces électriques<br />
&#8211; Oeillets d&rsquo;arrimage pour fixation de la charge (uniquement en combinaison avec une cloison de séparation)<br />
&#8211; Ordinateur multifonction<br />
&#8211; Outillage de bord avec cric<br />
&#8211; Pare-brise en verre feuilleté en verre athermique<br />
&#8211; Pare-chocs (plastique), de couleur noire<br />
&#8211; Pare-soleil sans miroir de courtoisie, dans la cabine, à droite et à gauche<br />
&#8211; ParkPilot: Signaux d&rsquo;avertissement acoustiques à l&rsquo;AR<br />
&#8211; ParkPilot: Signaux d&rsquo;avertissement acoustiques à l&rsquo;AR<br />
&#8211; Phares principaux halogène (H4)<br />
&#8211; Pneus 205/65 R16 C107/105T à faible résistance au roulement optimisée<br />
&#8211; Poids Total Admissible 2800 kg<br />
&#8211; Poignées (rabattables) sur le cadre de toit<br />
&#8211; Porte coulissante à droite dans le compartiment de charge/ passagers<br />
&#8211; Portes AR battantes tôlées<br />
&#8211; Prise 12V<br />
&#8211; Protection centrale de roue<br />
&#8211; Protections latérales à mi-hauteur dans l&rsquo;espace de chargement<br />
&#8211; Radio « Composition Colour » avec Bluetooth intégré et écran tactile 5 »<br />
&#8211; Radio « Composition Colour » avec Bluetooth intégré et écran tactile 5 »<br />
&#8211; Roue de secours (jante en acier) avec pneu normal<br />
&#8211; Réglage du site des phares<br />
&#8211; Régulateur de vitesse<br />
&#8211; Réservoir en plastique (contenance : 70 L)<br />
&#8211; Rétroviseur extérieur droit convexe, gauche asphérique<br />
&#8211; Rétroviseur extérieur, réglable et dégivrant électriquement<br />
&#8211; Rétroviseur intérieur de sécurité à réglage jour/nuit<br />
&#8211; Rétroviseurs électriques et dégivrants<br />
&#8211; Signal sonore et lumineux pour ceinture du conducteur non attachée<br />
&#8211; Siège conducteur Confort (accoudoirs, soutiens lombaires et réglage en hauteur)<br />
&#8211; Suspension AV / AR indépendante avec amortisseur télescopique de type McPherson<br />
&#8211; Système de freinage hydraulique avec freins à disques ventilés<br />
&#8211; Système de redémarrage Start/Stop avec récupération de l&rsquo;énergie de freinage<br />
&#8211; Tableau de bord avec concept de rangement intelligent (16 compartiments dont double rangements de portes pouvant accueillir 1 bouteille et triple boite à gants)<br />
&#8211; Technologie BlueMotion avec Start/Stop, récupération d&rsquo;énergie au freinage et pneus à faible résistance au roulement<br />
&#8211; Toit normal avec fixations pour galeries porte-bagages (8 pour empattement court, 10 pour empattement long)<br />
&#8211; Trappe à carburant verrouillée par fermeture porte conducteur<br />
&#8211; Verre athermique (vert) dans la cabine<br />
&#8211; Verrouillage central avec radiocommande et commande intérieure de déverrouillage dans la porte conducteur<br />
&#8211; Version non fumeur avec prise 12V et porte-gobelets<br />
&#8211; Vitres AV électriques</p>
