{"id":50850,"date":"2026-04-15T02:09:03","date_gmt":"2026-04-15T00:09:03","guid":{"rendered":"https:\/\/groupe-atlantico.com\/?vehica_car=volkswagen-utilitaires-crafter-van-02-2017-crafter-van-35-l3h3-2-0-tdi-140-ch"},"modified":"2026-04-15T02:09:03","modified_gmt":"2026-04-15T00:09:03","slug":"volkswagen-utilitaires-crafter-van-02-2017-crafter-van-35-l3h3-2-0-tdi-140-ch","status":"publish","type":"vehica_car","link":"https:\/\/groupe-atlantico.com\/?vehica_car=volkswagen-utilitaires-crafter-van-02-2017-crafter-van-35-l3h3-2-0-tdi-140-ch","title":{"rendered":"VOLKSWAGEN UTILITAIRES CRAFTER VAN (02\/2017) \u2014 CRAFTER VAN 35 L3H3 2.0 TDI 140 CH"},"content":{"rendered":"<p>&#8211; Pack Chargement<br \/>\n&#8211; Pack Techno<br \/>\n&#8211; Version Fumeur<br \/>\n&#8211; CODE USINE<br \/>\n&#8211; EQUIPEMENT USINE<br \/>\n&#8211; Pneus 235\/65 R 16 C 115\/113 R, \u00e0 r\u00e9sistance au roulement optimis\u00e9e<br \/>\n&#8211; TISSU CALINO GRIS CLAIR<br \/>\n&#8211; 4 jantes en acier 6 1\/2 J x 16 avec charge de 1050 kg, en argent<br \/>\n&#8211; Ceintures de s\u00e9curit\u00e9 3 points automatiques avec r\u00e9glage hauteur ceinture AV et r\u00e9tracteurs de ceinture \u00e9lectriques<br \/>\n&#8211; R\u00e9troviseur ext\u00e9rieur \u00e0 droite, convexe, avec clignotant \u00e0 LED int\u00e9gr\u00e9 et zone grand angle<br \/>\n&#8211; R\u00e9troviseur ext\u00e9rieur \u00e0 gauche, convexe, avec clignotant \u00e0 LED int\u00e9gr\u00e9 et zone grand angle<br \/>\n&#8211; 1 cl\u00e9s pliantes de radiocommande, 1 cl\u00e9 rigide<br \/>\n&#8211; Affichage multifonction plus<br \/>\n&#8211; Airbag conducteur et passager (d\u00e9sactivation c\u00f4t\u00e9 passager)<br \/>\n&#8211; Alternateur triphas\u00e9 140 A<br \/>\n&#8211; Antid\u00e9marrage \u00e9lectronique<br \/>\n&#8211; Assistant de compensation du vent lat\u00e9ral \u00ab\u00a0Side Wind Assist\u00a0\u00bb<br \/>\n&#8211; Assistant de d\u00e9marrage en c\u00f4te<br \/>\n&#8211; Banquette double pour passagers \u00e0 droite avec vide-poches, dans la 1\u00e8re rang\u00e9e de si\u00e8ges<br \/>\n&#8211; Batterie 420 A (70 Ah)<br \/>\n&#8211; Bo\u00eete \u00e0 gants (\u00e9clair\u00e9e) avec volet fermant \u00e0 cl\u00e9<br \/>\n&#8211; Calandre non peinte avec une baguette chrom\u00e9e<br \/>\n&#8211; Charni\u00e8res pour portes AR \u00e0 vantail<br \/>\n&#8211; Climatiseur \u00ab\u00a0Climatic\u00a0\u00bb<br \/>\n&#8211; Combin\u00e9 d&rsquo;instruments (km\/h), affichages de la vitesse, compteur totalisateur, r\u00e9gime, niveau de carburant et heure<br \/>\n&#8211; Contr\u00f4le \u00e9lectronique de stabilisation et ABS<br \/>\n&#8211; Eclairage dans le compartiment de charge : 2 spots<br \/>\n&#8211; Eclairage de jour<br \/>\n&#8211; Feux de position lat\u00e9raux<br \/>\n&#8211; Fonctionnement intermittent des essuie-glaces<br \/>\n&#8211; Freins \u00e0 disque \u00e0 l&rsquo;AV, 16&Prime; (diam\u00e8tre 480 mm)<br \/>\n&#8211; Garniture de plancher dans la cabine en caoutchouc<br \/>\n&#8211; Glaces lat\u00e9rales AV et AR et lunette AR en verre athermique (si disponible)<br \/>\n&#8211; Hauteur de toit H3 couleur carrosserie<br \/>\n&#8211; Marchepied \u00e0 l&rsquo;AR, sur toute la largeur<br \/>\n&#8211; Oeillets d&rsquo;arrimage pour fixation de la charge<br \/>\n&#8211; Ordinateur de bord multifonction \u00ab\u00a0Plus\u00a0\u00bb<br \/>\n&#8211; Outillage de bord avec cric<br \/>\n&#8211; Pare-brise en verre feuillet\u00e9 en verre athermique<br \/>\n&#8211; Pare-chocs \u00e0 l&rsquo;AV en gris avec cache peint dans la teinte du v\u00e9hicule<br \/>\n&#8211; Park Pilot AV\/AR<br \/>\n&#8211; Paroi compl\u00e8te parfaitement vertivale<br \/>\n&#8211; Phares doubles halog\u00e8nes<br \/>\n&#8211; Pneus 205\/75 R 16 C 113\/111, \u00e0 r\u00e9sistance au roulement optimis\u00e9e<br \/>\n&#8211; Pneus \u00e9t\u00e9<br \/>\n&#8211; Poids Total Admissible 3500 kg<br \/>\n&#8211; Poign\u00e9e sur la paroi dans le compartiment de charge<br \/>\n&#8211; Poign\u00e9es d&rsquo;acc\u00e8s sur le montant AR<br \/>\n&#8211; Porte coulissante \u00e0 droite dans le compartiment de charge<br \/>\n&#8211; Porte coulissante \u00e0 droite dans le compartiment passager<br \/>\n&#8211; Portes AR \u00e0 vantaux sans baies de fen\u00eatre<br \/>\n&#8211; Portes de cabine<br \/>\n&#8211; Prise 12 V et 4 porte-gobelets dans le tableau de bord<br \/>\n&#8211; Protection centrale de roue<br \/>\n&#8211; Radio \u00ab\u00a0Composition Media\u00a0\u00bb avec \u00e9cran tactile 8&Prime; et commande vocale avec \u00e9cran TFT, 2 HP et interface pour t\u00e9l\u00e9phone portable<br \/>\n&#8211; Roue de secours (jante en acier) avec pneu normal<br \/>\n&#8211; R\u00e9gulateur et limiteur de vitesse<br \/>\n&#8211; R\u00e9servoir de carburant avec volume de r\u00e9servoir de 75 l<br \/>\n&#8211; R\u00e9troviseur ext\u00e9rieur, r\u00e9glable et d\u00e9givrant \u00e9lectriquement<br \/>\n&#8211; Sans garniture plancher dans le compartiment de charge avec rev\u00eatement pour m\u00e9canisme fermeture sur sur les portes AR \u00e0 vantaux<br \/>\n&#8211; Sans rev\u00eatement lat\u00e9ral dans le compartiment de charge<br \/>\n&#8211; Signal vibreur et lumineux pour ceinture du conducteur non attach\u00e9e<br \/>\n&#8211; Si\u00e8ge suspendu \u00ab\u00a0ErgoComfort\u00a0\u00bb \u00e0 gauche, dans la 1re rang\u00e9e de si\u00e8ges<br \/>\n&#8211; Suspension\/amortisseurs standard<br \/>\n&#8211; Syst\u00e8me Start\/Stop avec r\u00e9cup\u00e9ration d&rsquo;\u00e9nergie de freinage<br \/>\n&#8211; Toit sur\u00e9lev\u00e9, \u00e0 l&rsquo;ext\u00e9rieur peint dans la teinte du v\u00e9hicule<br \/>\n&#8211; Verrouillage central avec radiocommande et commande int\u00e9rieure<br \/>\n&#8211; Volant multifonction (3 branches)<br \/>\n&#8211; V\u00e9hicule \u00e0 direction \u00e0 gauche<\/p>\n","protected":false},"author":1,"featured_media":50851,"template":"","vehica_6654":[2073],"vehica_6659":[2537],"vehica_6660":[2814],"vehica_6662":[2498],"vehica_6663":[2533],"vehica_12974":[2512],"vehica_6666":[2551],"vehica_12770":[2552],"vehica_21826":[2543],"vehica_25643":[2857],"vehica_25645":[],"class_list":["post-50850","vehica_car","type-vehica_car","status-publish","has-post-thumbnail","hentry","vehica_6654-used","vehica_6659-volkswagen-utilitaires","vehica_6660-crafter-van-02-2017","vehica_6662-traction-avant","vehica_6663-diesel","vehica_12974-2512","vehica_6666-blanc-candy","vehica_12770-2552","vehica_21826-seat-adc-lacroix-automobiles","vehica_25643-7-4-l-100km"],"vehica_6656":{"vehica_currency_6656_2316":42286},"vehica_14696":"","vehica_6664":"","vehica_6673":["https:\/\/media.eurotaxglass.com\/p\/p0544152.jpg","https:\/\/media.eurotaxglass.com\/p\/p0544154.jpg","https:\/\/media.eurotaxglass.com\/p\/p0544155.jpg","https:\/\/media.eurotaxglass.com\/p\/p0544156.jpg","https:\/\/media.eurotaxglass.com\/p\/p0544153.jpg","https:\/\/media.eurotaxglass.com\/p\/p0544157.jpg","https:\/\/media.eurotaxglass.com\/p\/p0544158.jpg","https:\/\/media.eurotaxglass.com\/p\/p0544160.jpg","https:\/\/media.eurotaxglass.com\/p\/p0544159.jpg"],"vehica_16721":"","vehica_18820":[],"vehica_21767":"140","vehica_21768":"","vehica_26231":"","_links":{"self":[{"href":"https:\/\/groupe-atlantico.com\/index.php?rest_route=\/wp\/v2\/cars\/50850","targetHints":{"allow":["GET"]}}],"collection":[{"href":"https:\/\/groupe-atlantico.com\/index.php?rest_route=\/wp\/v2\/cars"}],"about":[{"href":"https:\/\/groupe-atlantico.com\/index.php?rest_route=\/wp\/v2\/types\/vehica_car"}],"author":[{"embeddable":true,"href":"https:\/\/groupe-atlantico.com\/index.php?rest_route=\/wp\/v2\/users\/1"}],"wp:featuredmedia":[{"embeddable":true,"href":"https:\/\/groupe-atlantico.com\/index.php?rest_route=\/wp\/v2\/media\/50851"}],"wp:attachment":[{"href":"https:\/\/groupe-atlantico.com\/index.php?rest_route=%2Fwp%2Fv2%2Fmedia&parent=50850"}],"wp:term":[{"taxonomy":"vehica_6654","embeddable":true,"href":"https:\/\/groupe-atlantico.com\/index.php?rest_route=%2Fwp%2Fv2%2Fvehica_6654&post=50850"},{"taxonomy":"vehica_6659","embeddable":true,"href":"https:\/\/groupe-atlantico.com\/index.php?rest_route=%2Fwp%2Fv2%2Fvehica_6659&post=50850"},{"taxonomy":"vehica_6660","embeddable":true,"href":"https:\/\/groupe-atlantico.com\/index.php?rest_route=%2Fwp%2Fv2%2Fvehica_6660&post=50850"},{"taxonomy":"vehica_6662","embeddable":true,"href":"https:\/\/groupe-atlantico.com\/index.php?rest_route=%2Fwp%2Fv2%2Fvehica_6662&post=50850"},{"taxonomy":"vehica_6663","embeddable":true,"href":"https:\/\/groupe-atlantico.com\/index.php?rest_route=%2Fwp%2Fv2%2Fvehica_6663&post=50850"},{"taxonomy":"vehica_12974","embeddable":true,"href":"https:\/\/groupe-atlantico.com\/index.php?rest_route=%2Fwp%2Fv2%2Fvehica_12974&post=50850"},{"taxonomy":"vehica_6666","embeddable":true,"href":"https:\/\/groupe-atlantico.com\/index.php?rest_route=%2Fwp%2Fv2%2Fvehica_6666&post=50850"},{"taxonomy":"vehica_12770","embeddable":true,"href":"https:\/\/groupe-atlantico.com\/index.php?rest_route=%2Fwp%2Fv2%2Fvehica_12770&post=50850"},{"taxonomy":"vehica_21826","embeddable":true,"href":"https:\/\/groupe-atlantico.com\/index.php?rest_route=%2Fwp%2Fv2%2Fvehica_21826&post=50850"},{"taxonomy":"vehica_25643","embeddable":true,"href":"https:\/\/groupe-atlantico.com\/index.php?rest_route=%2Fwp%2Fv2%2Fvehica_25643&post=50850"},{"taxonomy":"vehica_25645","embeddable":true,"href":"https:\/\/groupe-atlantico.com\/index.php?rest_route=%2Fwp%2Fv2%2Fvehica_25645&post=50850"}],"curies":[{"name":"wp","href":"https:\/\/api.w.org\/{rel}","templated":true}]}}

<p>&#8211; Pack Chargement<br />
&#8211; Pack Techno<br />
&#8211; Version Fumeur<br />
&#8211; CODE USINE<br />
&#8211; EQUIPEMENT USINE<br />
&#8211; Pneus 235/65 R 16 C 115/113 R, à résistance au roulement optimisée<br />
&#8211; TISSU CALINO GRIS CLAIR<br />
&#8211; 4 jantes en acier 6 1/2 J x 16 avec charge de 1050 kg, en argent<br />
&#8211; Ceintures de sécurité 3 points automatiques avec réglage hauteur ceinture AV et rétracteurs de ceinture électriques<br />
&#8211; Rétroviseur extérieur à droite, convexe, avec clignotant à LED intégré et zone grand angle<br />
&#8211; Rétroviseur extérieur à gauche, convexe, avec clignotant à LED intégré et zone grand angle<br />
&#8211; 1 clés pliantes de radiocommande, 1 clé rigide<br />
&#8211; Affichage multifonction plus<br />
&#8211; Airbag conducteur et passager (désactivation côté passager)<br />
&#8211; Alternateur triphasé 140 A<br />
&#8211; Antidémarrage électronique<br />
&#8211; Assistant de compensation du vent latéral « Side Wind Assist »<br />
&#8211; Assistant de démarrage en côte<br />
&#8211; Banquette double pour passagers à droite avec vide-poches, dans la 1ère rangée de sièges<br />
&#8211; Batterie 420 A (70 Ah)<br />
&#8211; Boîte à gants (éclairée) avec volet fermant à clé<br />
&#8211; Calandre non peinte avec une baguette chromée<br />
&#8211; Charnières pour portes AR à vantail<br />
&#8211; Climatiseur « Climatic »<br />
&#8211; Combiné d&rsquo;instruments (km/h), affichages de la vitesse, compteur totalisateur, régime, niveau de carburant et heure<br />
&#8211; Contrôle électronique de stabilisation et ABS<br />
&#8211; Eclairage dans le compartiment de charge : 2 spots<br />
&#8211; Eclairage de jour<br />
&#8211; Feux de position latéraux<br />
&#8211; Fonctionnement intermittent des essuie-glaces<br />
&#8211; Freins à disque à l&rsquo;AV, 16&Prime; (diamètre 480 mm)<br />
&#8211; Garniture de plancher dans la cabine en caoutchouc<br />
&#8211; Glaces latérales AV et AR et lunette AR en verre athermique (si disponible)<br />
&#8211; Hauteur de toit H3 couleur carrosserie<br />
&#8211; Marchepied à l&rsquo;AR, sur toute la largeur<br />
&#8211; Oeillets d&rsquo;arrimage pour fixation de la charge<br />
&#8211; Ordinateur de bord multifonction « Plus »<br />
&#8211; Outillage de bord avec cric<br />
&#8211; Pare-brise en verre feuilleté en verre athermique<br />
&#8211; Pare-chocs à l&rsquo;AV en gris avec cache peint dans la teinte du véhicule<br />
&#8211; Park Pilot AV/AR<br />
&#8211; Paroi complète parfaitement vertivale<br />
&#8211; Phares doubles halogènes<br />
&#8211; Pneus 205/75 R 16 C 113/111, à résistance au roulement optimisée<br />
&#8211; Pneus été<br />
&#8211; Poids Total Admissible 3500 kg<br />
&#8211; Poignée sur la paroi dans le compartiment de charge<br />
&#8211; Poignées d&rsquo;accès sur le montant AR<br />
&#8211; Porte coulissante à droite dans le compartiment de charge<br />
&#8211; Porte coulissante à droite dans le compartiment passager<br />
&#8211; Portes AR à vantaux sans baies de fenêtre<br />
&#8211; Portes de cabine<br />
&#8211; Prise 12 V et 4 porte-gobelets dans le tableau de bord<br />
&#8211; Protection centrale de roue<br />
&#8211; Radio « Composition Media » avec écran tactile 8&Prime; et commande vocale avec écran TFT, 2 HP et interface pour téléphone portable<br />
&#8211; Roue de secours (jante en acier) avec pneu normal<br />
&#8211; Régulateur et limiteur de vitesse<br />
&#8211; Réservoir de carburant avec volume de réservoir de 75 l<br />
&#8211; Rétroviseur extérieur, réglable et dégivrant électriquement<br />
&#8211; Sans garniture plancher dans le compartiment de charge avec revêtement pour mécanisme fermeture sur sur les portes AR à vantaux<br />
&#8211; Sans revêtement latéral dans le compartiment de charge<br />
&#8211; Signal vibreur et lumineux pour ceinture du conducteur non attachée<br />
&#8211; Siège suspendu « ErgoComfort » à gauche, dans la 1re rangée de sièges<br />
&#8211; Suspension/amortisseurs standard<br />
&#8211; Système Start/Stop avec récupération d&rsquo;énergie de freinage<br />
&#8211; Toit surélevé, à l&rsquo;extérieur peint dans la teinte du véhicule<br />
&#8211; Verrouillage central avec radiocommande et commande intérieure<br />
&#8211; Volant multifonction (3 branches)<br />
&#8211; Véhicule à direction à gauche</p>
